7
What is the hundreds digit of 5342233?
2
What is the hundred thousands digit of 5399670?
3
What is the hundreds digit of 2727098?
0
What is the thousands digit of 424753?
4
What is the ten thousands digit of 164483?
6
What is the ten thousands digit of 679493?
7
What is the tens digit of 23172?
7
What is the thousands digit of 1531739?
1
What is the thousands digit of 320014?
0
What is the units digit of 12703?
3
What is the hundreds digit of 3217078?
0
What is the ten thousands digit of 293461?
9
What is the units digit of 3400828?
8
What is the hundreds digit of 532171?
1
What is the millions digit of 6364835?
6
What is the thousands digit of 5711341?
1
What is the tens digit of 1462461?
6
What is the tens digit of 209095?
9
What is the millions digit of 1718307?
1
What is the ten thousands digit of 1202034?
0
What is the hundred thousands digit of 964680?
9
What is the tens digit of 838544?
4
What is the thousands digit of 2350416?
0
What is the ten thousands digit of 43732?
4
What is the units digit of 586354?
4
What is the hundreds digit of 474557?
5
What is the hundreds digit of 4212236?
2
What is the hundreds digit of 3841417?
4
What is the hundreds digit of 15449200?
2
What is the units digit of 422689?
9
What is the tens digit of 1296611?
1
What is the tens digit of 21264018?
1
What is the thousands digit of 1596953?
6
What is the tens digit of 11724179?
7
What is the thousands digit of 280900?
0
What is the units digit of 680781?
1
What is the units digit of 590208?
8
What is the hundred thousands digit of 2217273?
2
What is the tens digit of 2200378?
7
What is the hundred thousands digit of 382019?
3
What is the tens digit of 19945639?
3
What is the hundreds digit of 235683?
6
What is the ten thousands digit of 165181?
6
What is the millions digit of 3892924?
3
What is the tens digit of 5634927?
2
What is the hundred thousands digit of 181873?
1
What is the millions digit of 7240766?
7
What is the units digit of 959888?
8
What is the ten thousands digit of 220060?
2
What is the hundred thousands digit of 5965054?
9
What is the units digit of 83197?
7
What is the units digit of 412690?
0
What is the thousands digit of 4925202?
5
What is the units digit of 233298?
8
What is the ten thousands digit of 2667784?
6
What is the hundreds digit of 136107?
1
What is the thousands digit of 5951?
5
What is the ten thousands digit of 532540?
3
What is the units digit of 271614?
4
What is the millions digit of 1629051?
1
What is the hundred thousands digit of 1140820?
1
What is the ten thousands digit of 220473?
2
What is the units digit of 154797?
7
What is the thousands digit of 2669087?
9
What is the hundred thousands digit of 406399?
4
What is the hundreds digit of 475773?
7
What is the ten thousands digit of 93216?
9
What is the hundreds digit of 8157?
1
What is the hundred thousands digit of 434564?
4
What is the hundreds digit of 36959?
9
What is the thousands digit of 14214595?
4
What is the ten thousands digit of 257812?
5
What is the hundred thousands digit of 512770?
5
What is the hundred thousands digit of 367417?
3
What is the hundred thousands digit of 27865849?
8
What is the units digit of 3511471?
1
What is the units digit of 182263?
3
What is the millions digit of 17813353?
7
What is the thousands digit of 15192704?
2
What is the hundred thousands digit of 1833051?
8
What is the thousands digit of 1906144?
6
What is the hundred thousands digit of 2692976?
6
What is the tens digit of 5564742?
4
What is the tens digit of 65356?
5
What is the millions digit of 1506979?
1
What is the hundreds digit of 1908604?
6
What is the thousands digit of 329717?
9
What is the thousands digit of 554359?
4
What is the ten thousands digit of 5166118?
6
What is the hundreds digit of 27225?
2
What is the hundreds digit of 310658?
6
What is the units digit of 169003?
3
What is the hundred thousands digit of 2469520?
4
What is the ten thousands digit of 327666?
2
What is the thousands digit of 153413?
3
What is the units digit of 4635397?
7
What is the thousands digit of 78383?
8
What is the hundreds digit of 825231?
2
What is the units digit of 47225?
5
What is the ten millions digit of 11227411?
1
What is the millions digit of 7557621?
7
What is the units digit of 3672194?
4
What is the hundreds digit of 615946?
9
What is the thousands digit of 83817?
3
What is the hundreds digit of 3816587?
5
What is the units digit of 114324?
4
What is the ten thousands digit of 162229?
6
What is the thousands digit of 685457?
5
What is the hundred thousands digit of 3397736?
3
What is the tens digit of 512457?
5
What is the units digit of 443501?
1
What is the thousands digit of 132363?
2
What is the tens digit of 274192?
9
What is the ten thousands digit of 662804?
6
What is the thousands digit of 12678651?
8
What is the hundred thousands digit of 12346550?
3
What is the hundred thousands digit of 210630?
2
What is the units digit of 1419832?
2
What is the hundreds digit of 4094553?
5
What is the ten thousands digit of 96372?
9
What is the tens digit of 749039?
3
What is the units digit of 210383?
3
What is the ten thousands digit of 10768688?
6
What is the units digit of 3709097?
7
What is the ten thousands digit of 2961400?
6
What is the tens digit of 175498?
9
What is the thousands digit of 3039776?
9
What is the hundred thousands digit of 5079889?
0
What is the thousands digit of 3565645?
5
What is the millions digit of 12727069?
2
What is the ten thousands digit of 65898?
6
What is the millions digit of 31123250?
1
What is the thousands digit of 11103785?
3
What is the units digit of 904484?
4
What is the hundreds digit of 1865234?
2
What is the tens digit of 6732?
3
What is the hundred thousands digit of 368333?
3
What is the hundred thousands digit of 650868?
6
What is the ten thousands digit of 9106016?
0
What is the tens digit of 14438519?
1
What is the thousands digit of 337703?
7
What is the hundreds digit of 1242187?
1
What is the thousands digit of 107526?
7
What is the millions digit of 1587994?
1
What is the hundreds digit of 1060772?
7
What is the units digit of 225723?
3
What is the units digit of 240145?
5
What is the millions digit of 2006470?
2
What is the thousands digit of 99059?
9
What is the hundreds digit of 980078?
0
What is the ten thousands digit of 8924319?
2
What is the hundred thousands digit of 156007?
1
What is the millions digit of 1007492?
1
What is the millions digit of 8780406?
8
What is the millions digit of 9442331?
9
What is the thousands digit of 4185452?
5
What is the hundreds digit of 9175?
1
What is the hundred thousands digit of 1614800?
6
What is the hundreds digit of 2034465?
4
What is the tens digit of 600472?
7
What is the units digit of 384769?
9
What is the units digit of 3008099?
9
What is the thousands digit of 144260?
4
What is the thousands digit of 9229414?
9
What is the hundred thousands digit of 675168?
6
What is the thousands digit of 935378?
5
What is the thousands digit of 8884109?
4
What is the hundreds digit of 35577685?
6
What is the tens digit of 804034?
3
What is the units digit of 2491790?
0
What is the hundred thousands digit of 535069?
5
What is the millions digit of 5860883?
5
What is the ten thousands digit of 311859?
1
What is the ten millions digit of 18633617?
1
What is the ten thousands digit of 422856?
2
What is the hundred thousands digit of 1809622?
8
What is the units digit of 2965072?
2
What is the units digit of 358733?
3
What is the millions digit of 8970943?
8
What is the hundred thousands digit of 2046183?
0
What is the millions digit of 1235934?
1
What is the hundreds digit of 1044419?
4
What is the tens digit of 5843681?
8
What is the tens digit of 14375885?
8
What is the hundreds digit of 704066?
0
What is the hundreds digit of 640642?
6
What is the thousands digit of 103539?
3
What is the tens digit of 5017445?
4
What is the hundreds digit of 160607?
6
What is the thousands digit of 4739645?
9
What is the ten thousands digit of 6288776?
8
What is the hundred thousands digit of 305813?
3
What is the hundreds digit of 2107342?
3
What is the units digit of 2165504?
4
What is the hundred thousands digit of 9172222?
1
What is the ten thousands digit of 79390?
7
What is the h